 digit of 14596795?
9
What is the hundred thousands digit of 1184189?
1
What is the ten thousands digit of 7570899?
7
What is the units digit of 2456639?
9
What is the hundred thousands digit of 1036760?
0
What is the hundreds digit of 311162?
1
What is the units digit of 5071571?
1
What is the units digit of 87420?
0
What is the hundreds digit of 10935906?
9
What is the ten thousands digit of 2292947?
9
What is the units digit of 262206?
6
What is the ten thousands digit of 2287581?
8
What is the millions digit of 1795573?
1
What is the tens digit of 2261412?
1
What is the tens digit of 1134451?
5
What is the hundred thousands digit of 1277948?
2
What is the thousands digit of 1549883?
9
What is the hundred thousands digit of 1255846?
2
What is the ten thousands digit of 2219999?
1
What is the hundreds digit of 4896654?
6
What is the hundred thousands digit of 692606?
6
What is the hundreds digit of 402872?
8
What is the hundred thousands digit of 223610?
2
What is the millions digit of 16773919?
6
What is the ten thousands digit of 647493?
4
What is the millions digit of 5935107?
5
What is the hundred thousands digit of 1529677?
5
What is the hundreds digit of 685057?
0
What is the hundreds digit of 21241?
2
What is the units digit of 4193607?
7
What is the thousands digit of 73702?
3
What is the hundreds digit of 191331?
3
What is the thousands digit of 5548119?
8
What is the units digit of 5288258?
8
What is the units digit of 4032638?
8
What is the millions digit of 1162501?
1
What is the tens digit of 634238?
3
What is the hundred thousands digit of 41302064?
3
What is the hundreds digit of 227240?
2
What is the ten thousands digit of 2911711?
1
What is the millions digit of 1591424?
1
What is the hundred thousands digit of 2797867?
7
What is the units digit of 2391668?
8
What is the ten thousands digit of 16283583?
8
What is the units digit of 807658?
8
What is the ten millions digit of 15096805?
1
What is the tens digit of 299407?
0
What is the hundreds digit of 371304?
3
What is the hundred thousands digit of 937551?
9
What is the thousands digit of 1879447?
9
What is the hundreds digit of 695868?
8
What is the tens digit of 417?
1
What is the hundred thousands digit of 356230?
3
What is the units digit of 80102?
2
What is the tens digit of 1170075?
7
What is the ten thousands digit of 260985?
6
What is the ten thousands digit of 7011649?
1
What is the thousands digit of 1810750?
0
What is the thousands digit of 183237?
3
What is the thousands digit of 441790?
1
What is the hundred thousands digit of 3488491?
4
What is the hundreds digit of 241826?
8
What is the hundreds digit of 762911?
9
What is the hundred thousands digit of 558792?
5
What is the units digit of 429189?
9
What is the millions digit of 3868605?
3
What is the hundreds digit of 797511?
5
What is the hundred thousands digit of 1346084?
3
What is the units digit of 3404009?
9
What is the ten thousands digit of 16986593?
8
What is the tens digit of 115725?
2
What is the hundred thousands digit of 174661?
1
What is the units digit of 168539?
9
What is the units digit of 5959?
9
What is the millions digit of 1637815?
1
What is the ten thousands digit of 790852?
9
What is the hundred thousands digit of 1152481?
1
What is the units digit of 3170185?
5
What is the tens digit of 1844272?
7
What is the tens digit of 323435?
3
What is the ten millions digit of 13264325?
1
What is the tens digit of 66866?
6
What is the hundreds digit of 356295?
2
What is the millions digit of 7772231?
7
What is the ten thousands digit of 607386?
0
What is the ten thousands digit of 1520010?
2
What is the thousands digit of 51950?
1
What is the tens digit of 14388031?
3
What is the hundred thousands digit of 221183?
2
What is the ten thousands digit of 259319?
5
What is the hundred thousands digit of 810049?
8
What is the units digit of 1118719?
9
What is the hundreds digit of 5655509?
5
What is the tens digit of 918292?
9
What is the hundreds digit of 255229?
2
What is the tens digit of 332382?
8
What is the thousands digit of 2958329?
8
What is the thousands digit of 313618?
3
What is the thousands digit of 7086?
7
What is the ten thousands digit of 3851533?
5
What is the units digit of 965854?
4
What is the tens digit of 96634?
3
What is the hundred thousands digit of 542413?
5
What is the thousands digit of 20145?
0
What is the ten thousands digit of 3001157?
0
What is the thousands digit of 102972?
2
What is the ten thousands digit of 124418?
2
What is the hundred thousands digit of 502037?
5
What is the tens digit of 6180239?
3
What is the hundred thousands digit of 718432?
7
What is the hundreds digit of 2267653?
6
What is the units digit of 614050?
0
What is the millions digit of 4707534?
4
What is the units digit of 10774722?
2
What is the hundred thousands digit of 6939313?
9
What is the ten thousands digit of 168904?
6
What is the millions digit of 10190888?
0
What is the units digit of 9301?
1
What is the tens digit of 46354?
5
What is the hundred thousands digit of 1328379?
3
What is the hundred thousands digit of 1725364?
7
What is the ten thousands digit of 476657?
7
What is the hundreds digit of 139432?
4
What is the units digit of 5325633?
3
What is the ten thousands digit of 15561437?
6
What is the units digit of 147482?
2
What is the ten thousands digit of 1121116?
2
What is the tens digit of 10813356?
5
What is the units digit of 211464?
4
What is the tens digit of 1198576?
7
What is the hundreds digit of 814797?
7
What is the millions digit of 3110710?
3
What is the ten thousands digit of 31982393?
8
What is the hundred thousands digit of 1723398?
7
What is the hundred thousands digit of 328943?
3
What is the hundreds digit of 3825634?
6
What is the units digit of 1583664?
4
What is the thousands digit of 245280?
5
What is the ten thousands digit of 15709580?
0
What is the units digit of 4214274?
4
What is the ten thousands digit of 167732?
6
What is the tens digit of 2474730?
3
What is the hundreds digit of 12635049?
0
What is the ten thousands digit of 213533?
1
What is the units digit of 50692?
2
What is the hundreds digit of 21872117?
1
What is the units digit of 191408?
8
What is the ten thousands digit of 1203430?
0
What is the hundred thousands digit of 957291?
9
What is the ten thousands digit of 266239?
6
What is the tens digit of 1352132?
3
What is the hundreds digit of 7244415?
4
What is the hundreds digit of 201904?
9
What is the hundreds digit of 3284031?
0
What is the ten thousands digit of 1519700?
1
What is the units digit of 2359870?
0
What is the tens digit of 236720?
2
What is the hundreds digit of 162596?
5
What is the hundred thousands digit of 209590?
2
What is the ten thousands digit of 6064232?
6
What is the hundred thousands digit of 486836?
4
What is the hundred thousands digit of 3397807?
3
What is the hundred thousands digit of 501429?
5
What is the ten thousands digit of 7251241?
5
What is the hundred thousands digit of 707734?
7
What is the thousands digit of 1244351?
4
What is the ten thousands digit of 320611?
2
What is the tens digit of 562127?
2
What is the tens digit of 4034896?
9
What is the units digit of 11903963?
3
What is the units digit of 929776?
6
What is the ten thousands digit of 7319977?
1
What is the tens digit of 2702928?
2
What is the millions digit of 10970832?
0
What is the hundreds digit of 576213?
2
What is the millions digit of 4439376?
4
What is the ten thousands digit of 565523?
6
What is the tens digit of 12225636?
3
What is the hundreds digit of 4577293?
2
What is the ten thousands digit of 407669?
0
What is the millions digit of 8537945?
8
What is the hundred thousands digit of 551308?
5
What is the millions digit of 17668517?
7
What is the tens digit of 4561010?
1
What is the hundreds digit of 55402?
4
What is the tens digit of 2926403?
0
What is the tens digit of 21980?
8
What is the tens digit of 35124118?
1
What is the hundreds digit of 15318191?
1
What is the hundred thousands digit of 14478679?
4
What is the units digit of 5686520?
0
What is the tens digit of 867479?
7
What is the ten millions digit of 18058416?
1
What is the units digit of 8953491?
1
What is the millions digit of 20657185?
0
What is the tens